**4/24 - 111*n**2. Let c(l) be the second derivative of j(l). Give c(-1).
6
Let n(y) = -5*y - 1. Let d be n(-7). Let z = d + -31. Let p(a) be the third derivative of a**6/120 - a**5/15 + a**4/24 - 4*a**2. Calculate p(z).
-6
Suppose -339 + 2860 = 73*d + 185. Let k(u) be the first derivative of -1/2*u**2 + 4*u + d. What is k(9)?
-5
Suppose -2709 = o - 2710. Let y(a) be the third derivative of 13*a**6/120 - a**5/60 + a**4/12 - a**3/6 - 8*a**2. Calculate y(o).
13
Let u = -1079 - -1087. Suppose 0 = 5*p - 4*h - 47, -7 = -2*p + 3*h + 9. Let a(o) = o - p + 18 - 12. Calculate a(u).
3
Suppose 2194 = -2*x + 4*u + 2210, -2*x - u = -11. Let f(s) = s**2 + s - 37. Determine f(x).
5
Suppose 0*x + 3*x - 6 = 0. Let w(y) be the first derivative of y**4/6 + y**3/6 + y**2/2 + 50*y + 217. Let n(a) be the second derivative of w(a). Give n(x).
9
Let z(q) = -21*q**2 + 99*q + 114. Let j(o) = -3*o**2 + 14*o + 16. Let u(s) = -15*j(s) + 2*z(s). Calculate u(5).
3
Let q(w) = -2*w**2 - 7*w - 7 + 4*w**2 - w**2 + 0*w**2. Suppose 96 = -791*o + 803*o. Determine q(o).
1
Let g(n) = n**2 - 6*n - 78. Let i be g(21). Let d = i + -242. Let k(l) = 2*l**2 + 3*l + 7 - l**3 - 8*l**2 + l**2 - 4*l. Calculate k(d).
12
Suppose -5 + 11 = 3*z. Let k be 3/((z/(-3))/(4/(-9))). Suppose -7 = -k*q + 5. Let a(b) = b**3 - 8*b**2 + 8*b + 6. Give a(q).
-18
Let h be -4 + 77/21 + 116/(-3). Let s = h - -32. Let v(d) = d - 5. Calculate v(s).
-12
Let w(j) = -7*j - 39. Let x(y) = -3*y**3 + 217*y**2 - 71*y - 77. Let b be x(72). Calculate w(b).
-4
Let m(f) be the first derivative of 1 - f - 1/3*f**3 + 3/2*f**2. Let y be 11/(-22) - 7/(-2). Determine m(y).
-1
Let v(b) = 8*b**3 + b**2 - 3*b + 2. Let n be v(2). Let p = -57 + n. Let a(k) = -2 - p*k**3 - k - 9 + 10. What is a(-1)?
7
Let u be ((-21)/(-14))/(-4*1 + 1376/320). Let r(m) = 3*m**2 - 5*m. Determine r(u).
50
Let q(s) = -11*s**2 + 18*s - 49. Let t(w) = 5*w**2 - 8*w + 22. Let o(n) = 4*q(n) + 9*t(n). Suppose 4*b + 5*u + 45 = 0, 5*b + 15 = 3*u - u. Give o(b).
27
Let t be (2 + -1)*((-11)/66 - (-5)/(-6)). Let s(q) be the third derivative of 7*q**5/30 - q**4/24 - q**3/6 + 2*q**2. Calculate s(t).
14
Let k(v) = -28*v + 3. Let s be 2/(((-21)/14)/((-27)/(-18))). Determine k(s).
59
Let h(j) = 99*j**2 + j**3 - 1 + 215*j**2 - 308*j**2 - 2*j. Let y(g) = 2*g**3 + 2*g**2 - 2*g - 2. Let n be y(-2). Calculate h(n).
11
Let y(z) = -3*z - 12. Let q = 32371 + -32371. Calculate y(q).
-12
Let y(w) be the first derivative of w**2/2 - 38*w + 3703. Calculate y(0).
-38
Let l(y) = -5*y**3 - 4*y**2 - y. Let u be 1/2 + (-21)/6. Let d(n) = 13*n**3 - 9*n**3 + 688*n**2 - 684*n**2. Let h(m) = u*l(m) - 4*d(m). Calculate h(-4).
-12
Let k(h) be the second derivative of 5*h**3/3 + 38*h**2 - 259*h. Give k(-7).
6
Let v(k) = -k - 1. Let j be v(-5). Suppose 5*s = -j*n + 62, -2*s + 2*n + 19 - 5 = 0. Let h(a) = -a**3 + 10*a**2 + a - 4. Calculate h(s).
6
Suppose -3*y - 2*g + 4*g = 48, 4*y = 4*g - 68. Let s be 32/y + (-8)/(-28). Let x(h) = -8*h - 3. What is x(s)?
13
Let q(c) = -2*c**3 - 4*c**2. Let d be q(-2). Let f(g) be the second derivative of -g**3/3 - 25*g**2/2 - g + 531. What is f(d)?
-25
Let j(u) = u - 2. Let k be j(4). Let g(o) = -3*o**2 + 6*o + 8*o**2 - 6*o**k. Suppose 2*x + 3 = 2*n - 7, -3*x = -5*n + 29. Determine g(n).
-7
Let l(x) be the first derivative of -x**3/3 - 6*x**2 + 16*x - 2267. Give l(-17).
-69
Suppose -3800 = -5*p - 5*z, 2*p + 2*z - 764 = p. Let f(l) = -1512*l**2 - 19*l + p*l**2 + 7 + 757*l**2 + 7*l. Give f(11).
-4
Let b(l) = -5*l**2 + 2*l + 3. Let y(o) = -27*o**2 + 10*o + 16. Let k(x) = 11*b(x) - 2*y(x). Let d(q) = -2*q**2 + 11*q + 2. Let i(f) = d(f) - 3*k(f). Give i(-3).
-7
Suppose 0 = -r - 0*r - 5*c - 20, -c = -5*r + 30. Let g be (-28)/42 - 154/(-6). Let t(l) = 0*l**2 - 24*l**3 - 4 - 3*l - 4*l**2 + g*l**3. Determine t(r).
6
Suppose -9267*p - 3 - 15 = -9285*p. Let y(m) = -22*m + 1. Let n(b) = -b. Let r = -4 - 2. Let c(f) = r*n(f) + y(f). Calculate c(p).
-15
Let p(c) = 3*c + 18. Suppose 44*l - 4*j = 40*l, -2*j - 42 = 4*l. Give p(l).
-3
Let j be 3*1 + (286/77 - (-48)/(-28)). Let d(u) = 19*u - 2. Calculate d(j).
93
Let w(y) = -2113 + 1056 + 1057 - y. Let d(x) = -3 + 2*x + x - 3. Let s(a) = d(a) + 4*w(a). What is s(-3)?
-3
Let i = -78 - -174. Let o = i + -87. Let h be (o/(-4))/((-36)/96). Let b(j) = 3*j - 6. Calculate b(h).
12
Let z(l) = 7*l**2 + 13*l - 26. Let f(c) = -13*c**2 - 25*c + 51. Let d(v) = -6*f(v) - 11*z(v). Calculate d(-10).
10
Suppose -26695 = 3*i - 26698. Let z(d) = 3*d**3 + 60. Let v(n) = -5. Let h(g) = -60*v(g) - 5*z(g). Calculate h(i).
-15
Let o(q) = -9*q**2 + 50*q - 31. Let a be o(5). Let n(j) = j**3 + 7*j**2 + 8*j + 6. Give n(a).
-6
Suppose 14*c + 271 = 691. Suppose 3*a - c = -2*a. Let o(b) = b**3 - 2*b**2 - 24*b + 4. Let l be o(a). Let g(x) = x**2 - 6*x - 5. Determine g(l).
-13
Let h(d) be the third derivative of -49*d**4/24 - 99*d**3/2 - 240*d**2 - 1. Let s be h(-6). Let o(i) = 0*i + i - 1 + 7. What is o(s)?
3
Let y(w) = -2*w**3 + 34*w**2 - 5*w - 2. Let h be 30/40*1020/45. Calculate y(h).
-87
Let h(l) = 3*l + 67. Let i = 184 + -206. Let c be h(i). Let g(m) = 6*m**2 - m. Determine g(c).
5
Let v(t) = -156*t + 125. Let s(i) = -145*i + 123. Let d(a) = -16*s(a) + 15*v(a). What is d(-5)?
7
Let h(q) = -193 + 8*q - 206 + 543 + 7*q - 4*q. Calculate h(-13).
1
Let m = 20 - -27. Suppose 3*n = -4*q + 60, -7*n + m = -5*n + 5*q. Let i(r) = 8*r + 8 - n + 0 - r**2 + 9. Determine i(8).
1
Let q(h) = 3*h**3 - 21*h**2 - 9*h - 50. Let c(b) = -4*b**3 + 32*b**2 + 13*b + 72. Let i(o) = -5*c(o) - 7*q(o). Calculate i(-13).
16
Let s(l) = l. Let m(o) = -o**3 - 3*o**2 - 3*o + 4. Let q(t) = -m(t) - 4*s(t). Let g = -10306 - -10303. What is q(g)?
-1
Let j be (-5772)/44 - -11 - (-2)/11. Let w be (288/j)/(2/5). Let i(u) = -u**2 - 7*u + 8. What is i(w)?
14
Let s(k) = 33 - 16*k - 12 + 2*k - 12 + k**2 + 1. Calculate s(5).
-35
Let z(i) = i**2 + 6*i + 10. Let o be (-75)/(-6)*(-40)/100. Let a(q) = -q + 1. Let b(s) = o*a(s) + z(s). Calculate b(-5).
-25
Let b = -363 + 385. Suppose -40 - 4 = -b*x. Let g(t) = t**3 - 3*t - 2 + 4*t**2 + t - 3*t**3. Determine g(x).
-6
Let w(f) = f**3 + 9*f - 2 - 2*f**3 - f - 4*f**2 - 5*f. Suppose -3*r + 2*r = 4. What is w(r)?
-14
Let c(l) = 5*l + 8. Let q(o) = -o - 1. Let d(n) = c(n) + 4*q(n). Suppose -12 = -4*j + 8*j. Calculate d(j).
1
Let t(h) = -2*h - 16. Let i be t(-11). Let d(o) = 2*o**2 - o + 1. Let p(w) = 13*w**2 + 2*w - 1. Let c(a) = -7*d(a) + p(a). Give c(i).
10
Let u(v) = 4*v**2 - 5*v + 4. Let s = -2425 + 2427. Give u(s).
10
Suppose 8*l - 4*l = -2*x - 2, 4*l - 4*x + 8 = 0. Suppose 16 = 4*q + b, 4*q - 3*b - 4 = -b. Let a(y) = -4*y**3 - q - y + 3 + 20*y**3. Determine a(l).
-15
Let b = 2 - 0. Suppose 0 = d - 6*d + l + 5, -5*l + 29 = b*d. Let o be (-4 - -2) + d + -1. Let v(y) = -2*y**3 - y**2 - y. What is v(o)?
2
Let z(s) be the first derivative of -s**2/2 + 8*s - 3169. Suppose -4*i - 24 = -i. Determine z(i).
16
Suppose 0 = 5*l - 18*l - 52. Let a be 2 + (6 + l - 4). Let t(b) = -b + 1. Let n(x) = -3*x + 10. Let j(s) = n(s) - 4*t(s). Determine j(a).
6
Let y be 0 + -1 - (-11 + 8). Let w(t) be the second derivative of 0*t**2 + 0 - 1/20*t**5 + 1/4*t**4 - 1/3*t**3 + 3*t. Give w(y).
0
Let b(j) = j. Let v(t) = t - 5. Let h(u) = 4*b(u) - v(u). Let m(c) = c**2 - 2*c - 3. Let a be m(2). Let p be -4 + a + -1 + 4. Calculate h(p).
-7
Suppose 3*s = -m - 50, 33*m = -3*s + 29*m - 47. Let x(u) = u**3 + 16*u**2 - 16*u + 20. Give x(s).
3
Suppose 2*x - 64 = 4*y - 40, 5*y = -30. Let u(h) be the second derivative of -1/2*h**2 + x*h**3 + 0 + 1/6*h**4 + 1/20*h**5 - 5*h. Give u(-1).
0
Let f = 55 - 51. Let r(c) = f*c - c**3 - 4*c - 3*c + 4 - 1. Determine r(2).
-11
Let l(n) = -2*n**3 + 27*n**2 + 15*n - 33. Let p be l(14). Let u(h) = -h**2 - 16*h + 13. Calculate u(p).
-44
Let x(r) be the first derivative of -r**5/60 + r**4/6 - r**3/2 - r**2/2 - 1. Let y(g) be the second derivative of x(g). Let s = -117592 + 117597. What is y(s)?
-8
Let u(l) = -9*l + 3. Let r be u(-7). Let g = 34 - r. Let t = g - -28. Let m(x) = x**2 - x - 4. Determine m(t).
16
Suppose -3*q + 2 = 2*a + 9, q + 3*a + 14 = 0. Let o(g) = 3 + 3*g - 2*g + 0*g - 2*g. Let k be o(q). Let m(t) = 2*t. Give m(k).
4
Let o(p) be the second derivative of 1/60*p**5 + 0*p**2 - 15*p + 0 + 5/24*p**4 - 2*p**3. Let c(r) be the second derivative of o(